ainder when 5 is divided by 3/(2/8*4).
2
Let c = 0 - 6. Let l(z) = -3*z. What is the remainder when 52 is divided by l(c)?
16
Let g = 42 + -17. Calculate the remainder when 47 is divided by g.
22
Let u = -36 + -4. Let c(g) = g**2 + 5*g + 6. What is the remainder when c(-5) is divided by 10/1*(-16)/u?
2
Suppose 10 - 1 = 3*p. Suppose j = -0 + p. What is the remainder when j is divided by 1?
0
Let h = 8 + -1. Let u(g) = g**3 - g**2 + g + 16. Let z be u(0). Suppose 4*m = 56 + z. What is the remainder when m is divided by h?
4
Suppose -4*p + 56 + 44 = 0. Suppose -5*l - 2 = r + r, 5*l + 20 = 0. What is the remainder when p is divided by r?
7
Suppose -5*m - 2*o = -64, 2*m - 2 - 20 = o. Suppose -5*x = -73 - 157. Calculate the remainder when x is divided by m.
10
Let m(h) = -h**3 + 9*h**2 - 9*h + 42. Calculate the remainder when m(8) is divided by 2/(-1*1/(-6)).
10
Suppose 2 = 2*y - 3*y. Let j(v) = v**2 - v - 1. Let u(t) = 5*t**2 - 6*t - 7. Let q(g) = -4*j(g) + u(g). What is the remainder when q(y) is divided by 2?
1
Calculate the remainder when (-956)/(-9) - (-24)/(-108) is divided by 27.
25
Suppose 3*z = -5 - 7. Calculate the remainder when z/(-10) - (-288)/5 is divided by 20.
18
Suppose 2*m + 3*o = m + 6, -5*m = 3*o + 18. Let s = m - -45. What is the remainder when s is divided by 20?
19
Let v = 17 + -27. Suppose 68 = 3*l + l. Calculate the remainder when (-4)/v - (-1458)/30 is divided by l.
15
Suppose 5 = s - 16. What is the remainder when 58 is divided by s?
16
Let h = 0 - -4. Let q be (2 + 2)/(6 - h). What is the remainder when 8 is divided by 2/(-2*q/(-6))?
2
Suppose 4*c = c + 15. Suppose 14 = 5*a - 3*j, -5*j = c*a - 2*a - 22. Suppose 8 = 5*m - m. Calculate the remainder when a is divided by m.
0
Let b(j) = 7*j + 12. Let c(k) = -10*k + 3. Calculate the remainder when c(-10) is divided by b(2).
25
Suppose 0 = -3*g - 2 + 35. What is the remainder when g is divided by 6?
5
What is the remainder when 295/25 - (-3)/15 is divided by 3?
0
Let v be (20 - 0 - 0)*1. Let t(m) = m. Calculate the remainder when (-8)/v - (-144)/10 is divided by t(4).
2
Let y(c) = c**3 + 6*c**2 + 7*c + 6. Suppose -4*o - l + 115 = 0, 3*o = o - 3*l + 65. Calculate the remainder when o is divided by y(-4).
8
Suppose 0 = -i + 9 + 13. Let o(y) = -y**3 + y**2 + 3*y - 3. What is the remainder when o(-4) is divided by i?
21
Suppose 3*p + 26 = 3*u - p, 4*u - 4*p - 36 = 0. Calculate the remainder when 18 is divided by u.
8
Suppose 0 = -4*x + 4*k + 168, x - 5*k + 186 = 5*x. Calculate the remainder when x is divided by 23.
21
Let h(d) = -12*d**2 + d. Let y be h(-2). Let b be 8/20 + 744/(-10). Let o = y - b. Calculate the remainder when o is divided by 13.
11
Suppose 6*w = 3*w + 15. Suppose -4*n + 2*j = j - 11, 12 = w*n - 3*j. Suppose k - 4 = 0, t + n*t + 4*k = 60. Calculate the remainder when 20 is divided by t.
9
Suppose -g + 90 = g. What is the remainder when g is divided by 12?
9
Let m be 0 - (2 - 1) - -4. Suppose 9 = -m*y + 33. Suppose 0 = 3*u - 3*s - 39, 0 = -u + 5*s + 4 + 1. What is the remainder when u is divided by y?
7
Let o(r) = -r**3 - 2*r**2 + 10*r + 17. Calculate the remainder when -1*16/(-10)*10 is divided by o(-4).
7
Let f(w) = w**2 + w + 26. Suppose 0 = -r + 4*r - 42. Calculate the remainder when f(0) is divided by r.
12
Let s = -15 - -22. What is the remainder when 24 is divided by s?
3
What is the remainder when 3 is divided by (2 + -1)/((3 - 0)/3)?
0
Suppose 0 = -4*u + 4*b + 272, 3*u + 2*b - 59 = 2*u. What is the remainder when u is divided by 17?
14
Let c = 1 - 2. Let i = 8 + c. What is the remainder when (-2)/6 - (-116)/6 is divided by i?
5
Let m = 55 - 25. Calculate the remainder when m is divided by 11.
8
Suppose -3*n - 17 = 28. Let i = n + 38. Let u = -16 + 28. Calculate the remainder when i is divided by u.
11
Let n = -53 - -112. Calculate the remainder when n is divided by 15.
14
Suppose -19 = 4*j - 3, 3*j - 36 = -3*x. Let b(i) = -i**3 - 9*i**2 - 16*i - 8. Calculate the remainder when x is divided by b(-7).
4
Let z(m) = 2*m**2 - m**2 + m + 0*m**2 - 2 + 0*m**2. Let j be z(-3). Suppose -k - b = -5*b - 30, 0 = j*b + 8. Calculate the remainder when k is divided by 8.
6
Suppose 33 = 2*k - 11. Let i = 14 - k. Let n = i - -18. What is the remainder when 38 is divided by n?
8
Suppose -2*l - 3*l + 5*g = -35, 0 = -5*l + g + 47. Let z(h) = h**3 - 9*h**2 - 9*h. What is the remainder when 18 is divided by z(l)?
8
Let a be ((-2)/(-3))/(5/(-90)). Calculate the remainder when 7 - 4 - (a + 2) is divided by 8.
5
Suppose 3*f - r + 2 = 0, 5*r = 3*f + f + 10. Suppose w + 11 = -f*w + 2*c, -w - 11 = -4*c. Calculate the remainder when 40 is divided by (-304)/(-22) - 2/w.
12
Let v = 56 + -50. Calculate the remainder when 26 is divided by v.
2
Let b = 18 + -14. Suppose -2*w + 2*q = -74, 3*w - b*w + 3*q = -37. Suppose -5*h - 37 = -4*f, 2*f - h - 11 = 4*h. Calculate the remainder when w is divided by f.
11
What is the remainder when 20 is divided by (-860)/(-60) - (-4)/6?
5
Let m = 1 + -3. Let z(g) = -3*g**3 - 2*g**2 + g - 1. Let u be z(m). Let h = u + -9. What is the remainder when 15 is divided by h?
3
Suppose -3*k + 83 + 370 = 0. Let n = k + -84. What is the remainder when n is divided by 23?
21
Suppose 5*q + 0*n - 23 = 3*n, -2*q - 3*n = -26. Let s = 23 - q. What is the remainder when 61 is divided by s?
13
Suppose -m = -0*m - 8. Let w = -7 - -10. What is the remainder when m is divided by w?
2
What is the remainder when 2/((-4)/4) + 40 + 3 is divided by 11?
8
Suppose 3*j + j = 180. What is the remainder when j + (-2 - 4/4) is divided by 15?
12
Let k(o) = o**3 - 6*o**2 + 7*o - 7. Let s be k(5). Let y = s - 1. What is the remainder when 9 is divided by y?
1
What is the remainder when (17/4)/(3/12) is divided by 7?
3
Suppose -3*s + 85 = -29. Calculate the remainder when s is divided by 8.
6
Let i(n) = n**2 - n - 2. Let o be i(3). Suppose 5*x + o*g + 2 = 31, 20 = 5*x - 5*g. Suppose -x*m + 20 = -55. Calculate the remainder when 42 is divided by m.
12
Suppose -k + 5*p + 0*p + 29 = 0, -k - p - 1 = 0. Calculate the remainder when (-6 - -4)*(-58)/k is divided by 15.
14
Suppose -8 + 0 = -4*j. Suppose 4*w + j*a + 22 = 6*w, 0 = 4*w + a - 19. What is the remainder when 22 is divided by w?
4
Let u(k) = 2*k**2 - 5*k. Let g be u(5). Let s = g - 16. Calculate the remainder when 26 is divided by s.
8
Let l = 77 - 45. Suppose s - 64 = -4*s + 4*d, 1 = -d. What is the remainder when l is divided by s?
8
Suppose -5*u - 4 = 1. Let k(g) = 7*g**2 - 32*g - 5. What is the remainder when k(5) is divided by -4*1*1/u?
2
Suppose -9*x = -7*x. Suppose 123 = 2*u + 3*k, x = u - k - 44 - 5. What is the remainder when u is divided by 14?
12
Let l(a) = a**2 + 2*a + 2. Let o be ((-427)/(-14))/(1/2). Suppose 0 = 2*i - 5*g - o, 3*i - 5*g - 61 = 18. What is the remainder when i is divided by l(-4)?
8
Suppose 28 = 2*t - 4*i, -4*i = 3*t - 55 - 17. What is the remainder when t is divided by 12?
8
Let q(u) be the third derivative of -u**6/40 - u**5/15 - u**4/12 + u**3/3 + 6*u**2. Calculate the remainder when 38 is divided by q(-2).
10
Let p(i) = i**2 - 6*i + 4. Let c be p(6). Let u(a) = -2 - a + 5*a**2 - 4*a**2 + 0*a**2. Calculate the remainder when 28 is divided by u(c).
8
Calculate the remainder when 3/45*579 + (-2)/(-5) is divided by 4.
3
Let x be ((-3)/5)/(14/(-210)). Suppose 2*t - 13 = -1. What is the remainder when 31 is divided by ((-9)/t)/(x/(-96))?
15
Suppose 2*n - 3*s - 15 = -0*n, 2*s + 2 = 0. What is the remainder when -2*(-27)/n - -2 is divided by 3?
2
Suppose -3*m + 4*m - 8 = 0. Let q(b) = b + 9. What is the remainder when 65 is divided by q(m)?
14
Suppose 0 = 2*k + 2*t - 20, 0 = -2*k - 0*t - 5*t + 35. Calculate the remainder when 14 is divided by k.
4
Let b = -24 - -42. What is the remainder when 61 is divided by (-28)/(-2)*27/b?
19
Let u(g) = -g. Let w be u(-4). Calculate the remainder when 11 is divided by 1 + 6*2/w.
3
Let y be 0*(3 + (-28)/8). Suppose 0*w - 3*w - 3*p + 30 = y, 2*w - 23 = -3*p. Calculate the remainder when 25 is divided by w.
4
Let s(r) = 35*r**2 - 4*r + 7. Let j(u) = -53*u**2 + 6*u - 11. Let i(w) = 5*j(w) + 8*s(w). Calculate the remainder when (2/(-6))/((-4)/492) is divided by i(1).
13
Let k = 52 - -11. Calculate the remainder when k is divided by 11.
8
Let b(j) = j**2 + 4*j + 1. Let t be b(-2